
Let n be (8/(-6))/((-20)/9 - -2). Let s(h) = -h + 8. Determine s(n).
2
Let z be -1 - (-10 - (-3)/(-1)). Let g be (-8)/z + 10/(-3). Let b(o) = -2*o - 4. Calculate b(g).
4
Let g(m) be the first derivative of m**4/4 + 2*m**3 - m**2/2 + 6*m - 1. Calculate g(-6).
12
Let x(n) = -n**3 - n**2 + 4*n + 3. Let f = -33 + 31. Calculate x(f).
-1
Suppose -3*k - 4 = -1. Let x be -2 + k - (-1 - 2). Let a(d) = 2*d + 4 - 3*d + x*d - 3. Determine a(0).
1
Suppose -7*j - 12 = -5*j. Let m(v) = v**3 - 4*v**3 + 4*v**2 - 8*v + 4*v**3 + v**2 - 3. Calculate m(j).
9
Let j(o) = 7*o**3 - o**2 - 2*o - 1. Suppose -30 = -3*z + 5*h - 8, 0 = -2*z + 5*h + 23. Give j(z).
-7
Let n(m) = m. Let f(p) = p + 14. Let h be f(-7). Let s = h + -9. Determine n(s).
-2
Let i(a) = -a**3 + 3*a**2 + 3. Let o = 0 - -4. Suppose -6 + o = -p. Let j be ((-1 - -2) + p)/1. Give i(j).
3
Let p be (-1)/(-4) + 3/(-12). Let v(z) = z**3 - z + 4. Give v(p).
4
Let n(u) = u**2 - 2*u. Let f be n(3). Suppose -f*i + 24 = i. Let x(o) = -o + 3. Give x(i).
-3
Let d(k) = -3*k**2 - 3*k + 2. Suppose 1 = t - r - r, 0 = 5*t + 3*r - 5. Let p(o) = -o**2 + o. Let f(i) = t*d(i) + p(i). Determine f(-2).
-10
Let x(t) = -3*t**2 - 3*t - 3. Let v(f) = -f**2 + f + 1. Let d(i) = 2*v(i) - x(i). Give d(-5).
5
Let r(j) = -j**2 + 8*j - 2. Let l be r(8). Let a be l + -5*4/(-10). Let t(c) = -c + 2. Calculate t(a).
2
Let k(a) = -3*a**2 - a + 2. Suppose -30 = 2*x - 26. Calculate k(x).
-8
Let s(c) = c**3 - 6*c**2 - 2*c + 6. Let w(n) = n**2 - n + 5. Let h be w(3). Let k = h - 5. Give s(k).
-6
Let s(k) be the first derivative of k**3/3 - 3*k**2/2 - 6*k - 1. Let h(u) = -u**3 - 7*u**2 + 5. Suppose y = 5*y + 28. Let a be h(y). Give s(a).
4
Let z = -71 + 74. Let c(n) = -n**2 + n. Let b(j) = -j + 1. Let h(p) = -2*b(p) + c(p). Determine h(z).
-2
Let q(o) = o**3 + 5*o**2 + 5*o + 2. Let w(f) = f + 4. Let v be w(-4). Let y be v + 2/((-6)/(-9)). Let j = 0 - y. Determine q(j).
5
Let i(j) = 7*j**2 - j - 1. Suppose 0 = 2*z + 4*w - 17 - 1, 7 = 3*z + 2*w. Calculate i(z).
7
Suppose -2*a = -2*n + 14, -5*n = 3*a - 8 - 19. Let c be (2 - n)/(1*-2). Let x(h) = 7*h + 6. Let s(b) = -6*b - 5. Let v(m) = -4*s(m) - 3*x(m). Determine v(c).
8
Let v(d) = d**2 - d - 1. Let y(b) = -b**3 + 9*b**2 + b - 11. Let k(f) = -f**3 + 4*f**2 + f - 3. Let q be k(3). Let o be y(q). Determine v(o).
5
Let q(p) be the second derivative of -p**5/20 + p**4/4 + p**2 + p. Let x be q(4). Let z be 2/7 - (-18)/x. Let v(b) = -b - 1. What is v(z)?
0
Let p(i) = i**2 + 1. Let q(g) = 6*g**2 + 4*g + 8. Let w(f) = 5*p(f) - q(f). Let u(n) = 3*n**3 + n - 1. Let o be u(1). Suppose 2*a - o*a = 4. Give w(a).
-3
Let h(f) = -f**3 - 2*f**2 - 3. Suppose 4*s = 4*z + 28, -4*s - s - 55 = 5*z. Let c = 6 + z. Give h(c).
6
Let p(h) = -32*h**3 + 0*h**2 + 5*h**2 - 2 + 33*h**3. Let s = -11 + 6. What is p(s)?
-2
Let y(r) be the first derivative of -r**3/3 + r**2/2 - 6*r - 2. Suppose 0 = 4*f - 1 - 3. Let s = f + -1. What is y(s)?
-6
Suppose -7*q + 18 = 2*q. Let v(t) = -t**3 + 3*t**2 - t - 1. Calculate v(q).
1
Suppose -4*z + 1 = -3*z. Suppose -i = z + 1. Let d(s) = 2*s + 2. What is d(i)?
-2
Let a(x) = 102 + 105 - 211 + x**2. Suppose -t - 2 - 1 = 0. Calculate a(t).
5
Let a(h) = -h**3 + 11*h**2 - 10*h + 9. Let b(q) = q**3 - 12*q**2 + 10*q - 8. Let o(d) = -3*a(d) - 2*b(d). Give o(8).
5
Let w(x) be the second derivative of x**4/12 - 11*x**3/6 - 6*x**2 - 3*x. Let z be w(11). Let h = z - -7. Let q(f) = f + 6. What is q(h)?
1
Let z(l) = -2*l - 4. Let r(g) be the third derivative of 5*g**4/24 + 2*g**3/3 - 7*g**2. Let a be r(-2). What is z(a)?
8
Suppose -3*d + 22 = -d. Suppose -3*x + 2*x = d. Let f = x - -8. Let z(c) = c**2 + 3*c + 1. Determine z(f).
1
Let m(i) be the second derivative of i**4/3 - i**3/3 + i**2/2 + 12*i. Give m(1).
3
Let b(s) be the first derivative of s**3/3 + 4*s**2 + 4*s + 3. Calculate b(-5).
-11
Let q(b) = -4*b. Suppose 12 = -5*x - 18. Let c = x + 4. Let y be c/10 + 12/10. Calculate q(y).
-4
Let u(b) = -7*b**3 + 3*b**2 + 6*b - 7. Let a(r) = r**3 - r**2 - r + 1. Let q(o) = 6*a(o) + u(o). What is q(-3)?
-1
Let u(l) = l**2 - 4*l. Suppose 0 = -h - 5*z - 21, -2*h + 6*z + 28 = 2*z. Determine u(h).
0
Suppose t - 4*t + 9 = -4*z, -3*t + 3*z = -9. Let d(k) = -5 + 5*k**2 - 6*k - k**2 + 0*k**3 + k**t. Determine d(-5).
0
Let q(i) = -i**3 - 9*i**2 - 8*i - 11. Let n(b) = -6*b**3 - 46*b**2 - 40*b - 56. Let d(u) = 2*n(u) - 11*q(u). Determine d(8).
9
Let r(j) be the second derivative of -j**4/12 - 2*j**3/3 - 3*j**2/2 + 19*j. What is r(-4)?
-3
Let j(n) = -n**2 - 9*n - 7. Let q be (8/4 + 2)*5/(-4). Calculate j(q).
13
Let z be 17/5 - 4/10. Let f be 2*-3*20/(-6). Suppose -f = 4*a + a + 4*m, -3*a = -z*m - 15. Let t(j) = j - 3. Give t(a).
-3
Let z(g) = g**3 + 3*g**2 - g - 4. Let q(c) = -6 - 5*c**2 - 7*c + 6*c**2 + 3. Let r be q(7). What is z(r)?
-1
Let c = 19 + -23. Let x(t) = -t**3 - 5*t**2 - 3*t + 2. Give x(c).
-2
Let o(k) = 3*k + 1. Suppose -2*z = 3*t - 17, -z + 5 + 1 = t. Calculate o(z).
4
Let p(b) be the second derivative of -b**5/20 - b**4/3 + b**3/3 - 3*b**2/2 - b. Suppose 2*z + 4 = z. Give p(z).
-11
Let b(g) = -3*g**2 + 1 - 2*g**2 + 0 + 0*g**2. Let u be b(-1). Let q(y) = -y**3 - 5*y**2 - 5*y - 6. Calculate q(u).
-2
Let t(j) = -5*j**2 + 6*j - 4. Let l be t(1). Let u(n) be the second derivative of -n**2 - 1/20*n**5 - 1/3*n**4 + 0 - n - 1/3*n**3. Give u(l).
-5
Let r(p) = -3*p - 3. Let u be 114/22 - 12/66. Suppose -4 - 6 = u*o. Determine r(o).
3
Let q(b) = -2*b + 2. Suppose 3*a - l + 7 + 1 = 0, 16 = -4*a - 4*l. Give q(a).
8
Let n = -1 + -2. Let y(q) = -q**2 - 2*q. Calculate y(n).
-3
Let j(h) = -3*h**2 - h + 2*h**2 - 2*h + 5. Suppose 2*v - 5*v + 21 = 0. Let d(t) = -t**2 - 4*t + 5. Let g(o) = v*j(o) - 6*d(o). Determine g(4).
1
Suppose -5*n + 26 = 1. Let f(g) = -g + 5. What is f(n)?
0
Let a(d) be the first derivative of -1/6*d**3 - 3/2*d**2 + 1/12*d**4 + 2 + 4*d. Let y(z) be the first derivative of a(z). What is y(0)?
-3
Let w be (-8)/(-6) + 2/3. Let k(c) = -3*c**2 - c**w + 4 + 3*c**2 + 2*c. Calculate k(4).
-4
Let t(n) = n**2 - n + 1. Let x be t(2). Suppose 17 = -5*q + 4*r, x*q + r - 3*r = -9. Let v(w) = -1 - 2*w - w - 6*w**2 + 2*w. Determine v(q).
-6
Let r(l) = 5*l**2 - 8*l + 29. Let g(y) = 3*y - 2. Let b be g(-2). Let q(n) = -3*n**2 + 5*n - 19. Let k(o) = b*q(o) - 5*r(o). Give k(0).
7
Let m = 25 + -18. Let s(w) = m*w + 8*w - 2 + 2*w**2 - 3*w**2 - 9*w. Let f be ((-10)/4)/((-1)/2). What is s(f)?
3
Let s(u) be the third derivative of -u**5/60 + u**4/24 + u**3/6 - 5*u**2. Determine s(2).
-1
Let j = -23 - -18. Suppose 4*f + 5 - 17 = 0. Let a(u) = 3*u**2 + 3*u**3 - 2*u**2 - 3*u - 7 - 6*u**2 - 4*u**f. What is a(j)?
8
Let h(c) be the third derivative of c**8/20160 - c**7/5040 + c**5/30 + c**2. Let z(b) be the third derivative of h(b). Determine z(2).
2
Let q(m) be the first derivative of m**3/3 - m**2/2 - m - 2. Suppose 5*g + 3 = -0*g - v, g - v = 3. Determine q(g).
-1
Let r(z) = z**3 + 4*z**2 + 10*z - 4. Let u(l) = 2*l**3 + 7*l**2 + 20*l - 7. Let g(o) = 13*r(o) - 6*u(o). Give g(-9).
-19
Let g(b) = -3*b**3 + 3*b**2 - 2*b. Let f = -17 + 14. Let z(m) = m**3 + m**2 - m. Let h(l) = f*z(l) + g(l). What is h(1)?
-5
Let y(d) = d**3 + 6*d**2 - 6*d - 1. Let g be y(-5). Suppose 7*k - 4*k = g. Let n = k + -13. Let w(o) = -o**2 + 6*o - 3. Calculate w(n).
2
Let o(l) = l**2 + l + 11. Let c(b) = b**2 + 12. Let f(y) = 4*c(y) - 5*o(y). Let g = 6 + -6. Let m = -5 + g. Determine f(m).
-7
Suppose 3*j + 3*t + 27 = -0*t, t = -3. Let n(i) = -i**2 - 10*i - 8. Calculate n(j).
16
Let z(l) = l**2 + 5*l + 1. Let q be 1 + 1*(8 - 2). Let f(b) = -2*b**2 - 11*b - 3. Let c(m) = q*z(m) + 3*f(m). Let g = 6 - 10. Calculate c(g).
6
Let f(n) be the third derivative of -n**5/30 - n**3/6 - n**2. Suppose -2*w - 120 = -124. Calculate f(w).
-9
Let q(u) = 7*u - u**2 + 0*u**2 - 6 - 1. Suppose -7*w + 12 = -5*w. Determine q(w).
-1
Let o(v) = 7*v + 1. Suppose 0 = -a + 4*a - 3*b - 21, 14 = -3*a - 4*b. Let f be ((-2)/6)/(a/(-18)). Suppose -n = 5*g - 8, 3*n - 9 = f*g - n. What is o(g)?
8
Let f(k) = -k - 4. Let s be f(-3). Let a(w) = -w**3 - 2*w**2 - w + 2. Let p(z) = -12*z + 21*z - 10*z. Let q(r) = s*a(r) + 3*p(r). Give q(-2).
2
Let a(h) = 3*h**2 + 3*h + 3. Let v(r) = 7*r**2 + 5*r + 7. Let u(i) = 5*a(i) - 2*v(i). What is u(-3)?
-5
Let w(x) = -x**2 - 3*x + 1. Suppose z - 4 = -5. Let q(n